 2. Let x be g(2). Suppose -x*t = 2*t - 104. What is the remainder when 51 is divided by t?
25
Suppose -5*g + 152 = -g. Calculate the remainder when g is divided by 8.
6
Suppose 0 = -3*z, 4*v + 3*z = -8 + 64. What is the remainder when 55 is divided by v?
13
Suppose o - 2*d = -4*d + 19, 0 = -o + 3*d - 1. Let c = -1 + o. Let w = c - 2. Calculate the remainder when w is divided by 3.
2
Let x = 27 + 5. Calculate the remainder when x is divided by 17.
15
Let q be (2 - 0) + 1 + -1. Suppose 4 = -0*z - q*z. What is the remainder when 25 is divided by z + 15 + 1 + -1?
12
Let j(y) = 3*y**2 - 2*y. Suppose 5*f - 4 = 1. What is the remainder when j(-2) is divided by -2 + ((-12)/(-1) - f)?
7
Let x be 126/4*252/147. Let j = x + 8. What is the remainder when j is divided by 16?
14
Suppose 3*x = 2*c + 3*c + 91, -4*x = 5*c - 168. Suppose 3 = -4*l + 35. What is the remainder when x is divided by l?
5
Suppose 37 - 2 = 5*j. Let d(i) = -4*i - 21. Calculate the remainder when d(-10) is divided by j.
5
Let c(w) = -w**2 + 15*w - 21. What is the remainder when 29 is divided by c(12)?
14
Let v(c) = c**2 - 14*c + 13. Let o be v(12). Let l = -3 - o. What is the remainder when 21 is divided by l?
5
Let f = 0 - -7. What is the remainder when 40 is divided by f?
5
Suppose n = 4*m - 3*n - 36, 3*m + 3*n - 15 = 0. Let h = 7 + -4. Calculate the remainder when m is divided by h.
1
Suppose 6*h = -c + 3*h + 54, 5*c = -5*h + 280. What is the remainder when c is divided by 12?
9
Let q(h) = -h - 3. Let d be q(-7). Suppose -7 = -d*m + 169. Suppose w + w = m. What is the remainder when w is divided by 8?
6
Suppose 0 = 2*i + 5*r - 64, -5*i + 0*r = -r - 214. Let b = -21 + 43. Calculate the remainder when i is divided by b.
20
Let g be (0/6)/((-4)/2). Suppose g*r = 4*r - 20. Suppose r*u - 13 - 2 = 0. What is the remainder when 7 is divided by u?
1
Let t(v) = -2*v + 4. Let c be t(3). What is the remainder when (-5)/c*(-4 + 8) is divided by (-16)/6*(-3)/2?
2
Calculate the remainder when 19 is divided by (-4)/(-2) - (4 + -2 - 10).
9
Let g(d) = d + 11. Let k be g(5). Suppose -4*f + k = -3*f. Calculate the remainder when f is divided by 9.
7
What is the remainder when 6/(-12) + 1995/10 is divided by 51?
46
Suppose 0 = u - 17 - 10. What is the remainder when u is divided by 8?
3
Let w(z) = 75*z**2 - z - 6. Let q(g) = -15*g**2 + 1. Let m(r) = -11*q(r) - 2*w(r). What is the remainder when m(-1) is divided by 5?
4
Suppose 0 = 3*f - f - 32. What is the remainder when 62 is divided by f?
14
Let r(c) = -c**2 - 13*c - 13. Calculate the remainder when r(-9) is divided by 15.
8
Let d = 34 - 33. Suppose 5*k - 1 = -c + 3*k, -2 = -2*c - k. Calculate the remainder when d is divided by c.
0
Let k(b) = b**3 + 6*b**2 - 3. Let p be k(-5). Calculate the remainder when (6 - -14)*p/8 is divided by 14.
13
Let b = -430 - -76. What is the remainder when (b/4)/3*-2 is divided by 15?
14
Let x = -7 + -17. Let f = -4 - x. Calculate the remainder when f is divided by 7.
6
Let v = 5 - -1. Suppose 5*n + v = 7*n. What is the remainder when 8 is divided by n?
2
Suppose -95 = -4*u + 37. What is the remainder when 94 is divided by u?
28
Let u = -46 + 73. Suppose 3*v + 3*l - l = u, v - l = 9. What is the remainder when 25 is divided by v?
7
Suppose 31 = -3*a + 154. What is the remainder when a is divided by 7?
6
Suppose 2*a - 16 = -2*l, 5*l + 30 = 5*a - 30. What is the remainder when a is divided by 4?
2
Let b(k) = 5*k**2 + 8*k - 4. Let z be b(-7). Suppose 0 = 2*s - 4*i + 2*i - 70, -z = -4*s - 5*i. Calculate the remainder when s is divided by 14.
12
Suppose -2*s = s + 4*d - 53, -3*d = 4*s - 59. What is the remainder when 19 is divided by s?
8
Suppose 15 = 5*u, -3*u = -4*x - 0*u + 11. Calculate the remainder when 14 is divided by x.
4
What is the remainder when 70 is divided by (-3)/(-12) + 284/16?
16
Let l be -41 - (2 - 1) - -2. Let f = 14 + 2. Calculate the remainder when f is divided by ((-18)/5)/(16/l).
7
Suppose 8 = 4*d - 2*d. Suppose 0 = 5*s - d*s - 6. Calculate the remainder when 17 is divided by s.
5
Let j(v) = -v**3 - 7*v**2 + 8*v - 1. Let z be j(-8). What is the remainder when 78 is divided by -1 - z - (-81)/3?
24
Let t(d) = -2*d - 7 + 0 + 1. Let h be t(-5). Calculate the remainder when 32 is divided by ((-22)/h)/((-4)/8).
10
Suppose -3*c + 3*t = 6*t - 138, -2*c = -5*t - 78. Let s = -12 + c. Suppose -5*w = -y - 152, w = 4*y + 6 + s. What is the remainder when w is divided by 8?
6
What is the remainder when (-1 - (206/6 + 0))*-3 is divided by 18?
16
Let b(n) = n**2 - 6*n + 14. Let c(p) = 3*p - 2. Calculate the remainder when b(10) is divided by c(7).
16
Let s = 9 + 12. What is the remainder when 82 is divided by s?
19
Let l(y) = -y**3 + 5*y**2 + 2*y + 4. Let z(h) = h**2 + 6*h - 11. Let v be z(-8). Let t = 12 + 29. What is the remainder when t is divided by l(v)?
13
Let h(a) = 6*a + 6. Calculate the remainder when 94 is divided by h(7).
46
What is the remainder when (-2)/3 + 222/9 is divided by 9?
6
Let n be (66/12)/(1/2). Let o = n + -3. Calculate the remainder when o is divided by 4.
0
Suppose 6*y - 10*y + 80 = 0. Calculate the remainder when 35 is divided by y.
15
Let f(m) = 5*m - 3. Calculate the remainder when f(11) is divided by 11.
8
Calculate the remainder when (1/1)/((-2)/(-16)) is divided by 5.
3
Let h = 2 - 0. Calculate the remainder when (-14)/(3*4/(-6)) is divided by h.
1
Let n = 18 + -7. Suppose 4*c + 2 = 18. What is the remainder when n is divided by c?
3
Suppose 0*q - 2*q + 40 = 0. Calculate the remainder when 57 is divided by q.
17
Let g(j) = j**2 + 7*j + 10. What is the remainder when g(-7) is divided by 3?
1
Let i = -2 - -3. Suppose i = -4*p + 9. Suppose 0*q - q + 1 = 0. What is the remainder when p is divided by q?
0
Let s(r) = -r**3 - 21. Let u be s(0). Let k = -17 - u. Calculate the remainder when 11 is divided by k.
3
Suppose -75 = 4*v - 379. Calculate the remainder when v is divided by 11.
10
Suppose 0 = 2*w - 2, 5*f + 218 = w + 647. What is the remainder when f is divided by 29?
28
Suppose 0 = -0*h + 3*h + 15, 4*h + 86 = 3*c. Calculate the remainder when c is divided by ((-6)/10)/((-4)/80).
10
Suppose 96 = -3*u + 30. Let i = u + 37. Let c(k) = -14*k. Calculate the remainder when c(-3) is divided by i.
12
Suppose -2*u + 12 = 2. Suppose -r - 2*r - 4*j = -4, 0 = r - 5*j - 14. Calculate the remainder when u is divided by r.
1
Calculate the remainder when 14 is divided by 6/(-5)*(-40)/12.
2
Let x(o) = 12*o - 24. Calculate the remainder when 47 is divided by x(4).
23
Let p = -70 + 76. Suppose 2*w = 19 + 15. Calculate the remainder when w is divided by p.
5
Suppose 16*j + 228 = 17*j. What is the remainder when j is divided by 21?
18
Let r = 97 - 34. Calculate the remainder when 375 is divided by r.
60
Suppose -3*d - b + 64 = 0, 0 = -2*d + 4*d + 3*b - 31. Let n = d + 19. Calculate the remainder when n is divided by 11.
9
Let v = 7 - -12. Suppose -f = 4*j - 2, j - 2*f = 6*j - 4. Suppose j*b = -b + 7. What is the remainder when v is divided by b?
5
Let i(s) = -s**3 - 7*s**2 - 3*s - 10. Let n be i(-7). What is the remainder when n + 2/((-2)/3) is divided by 5?
3
Let c(h) = h**2 - 5*h + 2. Let n = -6 + 12. What is the remainder when 15 is divided by c(n)?
7
Let n(f) = f**3 + 5*f**2 + 3*f + 4. Suppose -5*c - 27 = 3*r + 5, r - 5*c = 16. What is the remainder when n(r) is divided by 3?
2
Suppose -2*m - 14 + 56 = 0. What is the remainder when m is divided by 8?
5
What is the remainder when (117/65)/(3/25) is divided by 9?
6
Let c(s) = s**3 + 3*s**2 - 6*s - 2. Let q be c(-4). Let x(p) = 5*p + 1. Let n(v) = v**3 + 2*v**2. What is the remainder when x(q) is divided by n(2)?
15
Suppose 4*j + a - 45 = -0*a, -32 = -3*j + a. Calculate the remainder when 32 is divided by j.
10
Let d = 99 + -51. What is the remainder when d is divided by 13?
9
Suppose -75 = 3*t - 8*t. Let k(w) = 2*w**3 + 2*w**2 + 2*w - 1. What is the remainder when k(2) is divided by t?
12
What is the remainder when 5 is divided by 4*2/(0 - -2)?
1
Let s(d) = -d**2 + 7*d + 8. Let j be 1/4 + (-23)/(-4). What is the remainder when 54 is divided by s(j)?
12
Suppose 0 = 3*x - 2*d, -3*d + 13 - 4 = 0. What is the remainder when 7 is divided by x?
1
Let w(l) be the third derivative of -l**6/40 - l**5/30 - l**4/12 - l**3/2 + l**2. Let p be w(-2). Let j = 25 -